{"id":799,"date":"2024-07-03T08:23:39","date_gmt":"2024-07-03T06:23:39","guid":{"rendered":"https:\/\/algae-culture.fr\/?page_id=799"},"modified":"2024-07-03T15:52:59","modified_gmt":"2024-07-03T13:52:59","slug":"produits","status":"publish","type":"page","link":"https:\/\/algae-culture.fr\/?page_id=799","title":{"rendered":"Produits"},"content":{"rendered":"\n<h2 class=\"wp-block-heading\">Biostimulant &#8211; Bient\u00f4t disponible<\/h2>\n\n\n<div class=\"wp-block-image\">\n<figure class=\"alignright size-large is-resized\"><img loading=\"lazy\" decoding=\"async\" width=\"1024\" height=\"1024\" src=\"https:\/\/algae-culture.fr\/wp-content\/uploads\/2024\/07\/IBC-1024x1024.jpg\" alt=\"\" class=\"wp-image-800\" style=\"width:238px;height:auto\" srcset=\"https:\/\/algae-culture.fr\/wp-content\/uploads\/2024\/07\/IBC-1024x1024.jpg 1024w, https:\/\/algae-culture.fr\/wp-content\/uploads\/2024\/07\/IBC-300x300.jpg 300w, https:\/\/algae-culture.fr\/wp-content\/uploads\/2024\/07\/IBC-150x150.jpg 150w, https:\/\/algae-culture.fr\/wp-content\/uploads\/2024\/07\/IBC-768x768.jpg 768w, https:\/\/algae-culture.fr\/wp-content\/uploads\/2024\/07\/IBC.jpg 1200w\" sizes=\"(max-width: 1024px) 100vw, 1024px\" \/><\/figure><\/div>\n\n\n<p>Un biostimulant selon le r\u00e8glement (UE) 2019\/1009 est un produit dispens\u00e9 aux plantes ou aux sols permettant d&#8217;am\u00e9liorer le rendement de culture. Sans fournir des nutriments essentiels tels que l&#8217;azote, le phosphore et le potassium, un biostimulant agit en stimulant les processus biologiques naturels des plantes.<\/p>\n\n\n\n<p>Les avantages sont: <\/p>\n\n\n\n<p><strong>Am\u00e9lioration de la croissance des plantes<\/strong> :<\/p>\n\n\n\n<p>Un biostimulant stimule les processus m\u00e9taboliques des plantes, favorisant ainsi une croissance plus vigoureuse. Il peut augmenter l&#8217;efficacit\u00e9 de la photosynth\u00e8se, ce qui conduit \u00e0 une meilleure production de biomasse.<\/p>\n\n\n\n<ol class=\"wp-block-list\">\n<li><\/li>\n<\/ol>\n\n\n\n<p><strong>Renforcement de la r\u00e9sistance au stress<\/strong> :<\/p>\n\n\n\n<p>Un biostimulant aide les plantes \u00e0 mieux tol\u00e9rer divers stress environnementaux tels que la s\u00e9cheresse, le froid, la salinit\u00e9 et les attaques de pathog\u00e8nes. Ils renforcent les m\u00e9canismes de d\u00e9fense naturels des plantes, les rendant plus r\u00e9silientes.<\/p>\n\n\n\n<p><strong>Am\u00e9lioration de la qualit\u00e9 des cultures<\/strong> :<\/p>\n\n\n\n<p>L&#8217;utilisation de biostimulant peut am\u00e9liorer la qualit\u00e9 des fruits, des l\u00e9gumes et des fleurs, en augmentant la teneur en nutriments, la taille, la saveur et la dur\u00e9e de conservation.<\/p>\n\n\n\n<p><strong>Augmentation de l&#8217;absorption des nutriments<\/strong> :<\/p>\n\n\n\n<p>Un biostimulant favorise l&#8217;activit\u00e9 microbienne dans le sol et stimulent le d\u00e9veloppement des racines, ce qui permet une meilleure absorption des nutriments disponibles. Cela peut r\u00e9duire la n\u00e9cessit\u00e9 d&#8217;apports suppl\u00e9mentaires d&#8217;engrais chimiques.<\/p>\n\n\n\n<p><strong>Soutien \u00e0 l&#8217;agriculture durable<\/strong> :<\/p>\n\n\n\n<p>Un biostimulant amm\u00e9liore l&#8217;efficacit\u00e9 des ressources et en r\u00e9duisant la d\u00e9pendance aux intrants chimiques, il contribue \u00e0 des pratiques agricoles plus durables et respectueuses de l&#8217;environnement.<\/p>\n\n\n\n<h2 class=\"wp-block-heading\">Bioplastique PLA &#8211; Bient\u00f4t disponible<\/h2>\n\n\n<div class=\"wp-block-image\">\n<figure class=\"alignright size-large is-resized\"><img loading=\"lazy\" decoding=\"async\" width=\"1024\" height=\"748\" src=\"https:\/\/algae-culture.fr\/wp-content\/uploads\/2024\/07\/Nurdles_01_gentlemanrook-1024x748.jpg\" alt=\"\" class=\"wp-image-858\" style=\"width:293px;height:auto\" srcset=\"https:\/\/algae-culture.fr\/wp-content\/uploads\/2024\/07\/Nurdles_01_gentlemanrook-1024x748.jpg 1024w, https:\/\/algae-culture.fr\/wp-content\/uploads\/2024\/07\/Nurdles_01_gentlemanrook-300x219.jpg 300w, https:\/\/algae-culture.fr\/wp-content\/uploads\/2024\/07\/Nurdles_01_gentlemanrook-768x561.jpg 768w, https:\/\/algae-culture.fr\/wp-content\/uploads\/2024\/07\/Nurdles_01_gentlemanrook-1536x1122.jpg 1536w, https:\/\/algae-culture.fr\/wp-content\/uploads\/2024\/07\/Nurdles_01_gentlemanrook-2048x1497.jpg 2048w\" sizes=\"(max-width: 1024px) 100vw, 1024px\" \/><\/figure><\/div>\n\n\n<p>Le plastique PLA (acide polylactique) est un type de bioplastique fabriqu\u00e9 \u00e0 partir de ressources renouvelables. Le PLA est consid\u00e9r\u00e9 comme une alternative plus respectueuse de l&#8217;environnement aux plastiques traditionnels d&#8217;origine fossile. Les avantages sont:<\/p>\n\n\n\n<p><strong>Biodegradable et compostable<\/strong> : Le PLA est biod\u00e9gradable et peut se d\u00e9composer en eau et en dioxyde de carbone dans des conditions de compostage industriel. Cela aide \u00e0 r\u00e9duire les d\u00e9chets plastiques dans les d\u00e9charges et les oc\u00e9ans.<\/p>\n\n\n\n<p><strong>Local<\/strong> : Le PLA est fabriqu\u00e9 \u00e0 partir de ressources renouvelables locaux, ce qui r\u00e9duit la d\u00e9pendance aux combustibles fossiles et l&#8217;empreinte carbone de sa production.<\/p>\n\n\n\n<p><strong>Non toxique<\/strong> : Contrairement \u00e0 certains plastiques conventionnels qui peuvent lib\u00e9rer des produits chimiques toxiques, le PLA est g\u00e9n\u00e9ralement consid\u00e9r\u00e9 comme s\u00fbr et non toxique pour les applications alimentaires et m\u00e9dicales.<\/p>\n\n\n\n<p><strong>R\u00e9duction des gaz \u00e0 effet de serre<\/strong> : La production de PLA fixe le carbone de mani\u00e8re temporaire et permet de le stocker sous forme solide. <\/p>\n","protected":false},"excerpt":{"rendered":"<p>Biostimulant &#8211; Bient\u00f4t disponible Un biostimulant selon le r\u00e8glement (UE) 2019\/1009 est un produit dispens\u00e9 aux plantes ou aux sols permettant d&#8217;am\u00e9liorer le rendement de culture. Sans fournir des nutriments essentiels tels que l&#8217;azote, le phosphore et le potassium, un biostimulant agit en stimulant les processus biologiques naturels des plantes. Les avantages sont: Am\u00e9lioration de&#8230;<\/p>\n","protected":false},"author":1,"featured_media":0,"parent":0,"menu_order":0,"comment_status":"closed","ping_status":"closed","template":"","meta":{"_kadence_starter_templates_imported_post":false,"_kad_post_transparent":"","_kad_post_title":"","_kad_post_layout":"","_kad_post_sidebar_id":"","_kad_post_content_style":"","_kad_post_vertical_padding":"","_kad_post_feature":"","_kad_post_feature_position":"","_kad_post_header":false,"_kad_post_footer":false,"footnotes":""},"class_list":["post-799","page","type-page","status-publish","hentry"],"_links":{"self":[{"href":"https:\/\/algae-culture.fr\/index.php?rest_route=\/wp\/v2\/pages\/799"}],"collection":[{"href":"https:\/\/algae-culture.fr\/index.php?rest_route=\/wp\/v2\/pages"}],"about":[{"href":"https:\/\/algae-culture.fr\/index.php?rest_route=\/wp\/v2\/types\/page"}],"author":[{"embeddable":true,"href":"https:\/\/algae-culture.fr\/index.php?rest_route=\/wp\/v2\/users\/1"}],"replies":[{"embeddable":true,"href":"https:\/\/algae-culture.fr\/index.php?rest_route=%2Fwp%2Fv2%2Fcomments&post=799"}],"version-history":[{"count":8,"href":"https:\/\/algae-culture.fr\/index.php?rest_route=\/wp\/v2\/pages\/799\/revisions"}],"predecessor-version":[{"id":862,"href":"https:\/\/algae-culture.fr\/index.php?rest_route=\/wp\/v2\/pages\/799\/revisions\/862"}],"wp:attachment":[{"href":"https:\/\/algae-culture.fr\/index.php?rest_route=%2Fwp%2Fv2%2Fmedia&parent=799"}],"curies":[{"name":"wp","href":"https:\/\/api.w.org\/{rel}","templated":true}]}}